sor of i and 37.
37
Let c be (-30 - 3)*(-1)/3. Let s = -8 + c. Suppose 40 + 68 = s*g. Calculate the greatest common factor of g and 24.
12
Suppose -35*v + 38*v = 585. Calculate the highest common factor of 13 and v.
13
Let u(v) = v**2 + 25*v + 37. Let x be u(-27). What is the greatest common factor of x and 13?
13
Suppose -2*r = 2*r + v - 99, 2*r = 5*v + 77. What is the highest common factor of 52 and r?
26
Let u be (0/(-1) + 0)/(-3). Suppose -4*q + 5*y + 121 = 0, 2*q = -0*q - 4*y + 80. Suppose u = -i + 86 - q. What is the greatest common factor of i and 13?
13
Let g = 26 - 21. Suppose 5*j - 5*m = -10, 5*j - g*m = -3*m + 2. What is the greatest common factor of 8 and j?
2
Let x(s) = 11*s**2. Let o be x(3). What is the highest common factor of 11 and o?
11
Let j = -6 - -10. Let x = -1 + j. Suppose 5*v + 3*d - 5*d - 103 = 0, -x*v + 3*d = -60. Calculate the highest common divisor of v and 3.
3
Let u be ((-1)/2*-29)/(12/24). Calculate the greatest common divisor of 116 and u.
29
Let o = -672 - -271. Let b = -275 - o. Let u(p) = 8*p + 2. Let d be u(2). What is the highest common divisor of b and d?
18
Let a = -1 - -21. Suppose -n + 49 = v - 4*v, 0 = -2*v - 2*n - 30. Let u = v + 24. What is the greatest common factor of u and a?
4
Suppose 0*z + 2*z = 52. What is the highest common divisor of z and 39?
13
Suppose -4*w = -3*w - 12. Suppose -q = l + q - w, 4*q = 4*l - 12. What is the highest common factor of l and 12?
6
Suppose -2*m + 3*l = -137 - 38, -l - 245 = -3*m. What is the greatest common factor of 20 and m?
20
Let d be 50/18 - 10/(-45). Suppose -505 = -4*v - 157. Let s = v - 60. Calculate the greatest common divisor of s and d.
3
Let d be ((-3)/2)/(2/(-4)). Suppose -d*k + 16 = x, 0*x - 40 = -5*x - 5*k. Let m = 94 - 66. Calculate the greatest common divisor of x and m.
4
Let t(x) be the first derivative of -x**4/4 + x**3 - x**2/2 - x - 3. Let a be t(2). What is the highest common divisor of a and 2?
1
Let y(h) = h**2 + h - 1. Let d be y(4). Suppose 0 = 3*l + 7 - d. Let i(z) = -21*z + 2. Let t be i(-2). What is the highest common divisor of l and t?
4
Suppose -8*k + 6*k + 4 = 0. Suppose -k = -q + 7. Calculate the greatest common factor of q and 63.
9
Let o be -1*28*(5 - 6). What is the highest common divisor of o and 28?
28
Let a = -5 + 10. Calculate the greatest common factor of 1 and a.
1
Let d(r) = r**2 - 2*r - 6. Let f be d(-4). Let h be f/4 + 1/2. Calculate the greatest common divisor of 5 and h.
5
Suppose -4*p - 6 = 5*o, -o = -4*p - p + 7. What is the greatest common factor of p and 5?
1
Suppose -4*j = 2*r - 3*r - 96, 5*j + 5*r = 120. What is the greatest common factor of 8 and j?
8
Let h be 138/4 - 6/4. Let y = h - 18. Let v be (-10)/(-4)*1*2. What is the highest common divisor of v and y?
5
Let t(a) = a + 2. Let w be t(-4). Let j = w - -3. Let s be j/(15/12)*25. Calculate the greatest common factor of 30 and s.
10
Let k = -156 + 166. Calculate the greatest common factor of 40 and k.
10
Let c be 1 - (1 + 1 + -15). Let f = 18 + -15. Suppose -2*j - 34 = f*q - 130, 0 = -j + 2*q + 34. What is the greatest common divisor of j and c?
14
Suppose 4*r - g + 19 = -0*g, 0 = -r - 4*g - 26. Let q = r + 11. Suppose -15 - 21 = -4*m + n, -q*n + 60 = 4*m. What is the highest common factor of m and 2?
2
Suppose -9*j = -78 - 138. Calculate the highest common divisor of j and 180.
12
Let d be -30*5/(75/(-6)). Let s = d + -18. Let i be 8/s*231/(-2). Calculate the greatest common divisor of i and 14.
14
Suppose 3*k + 4*n = 14 + 8, -2*n - 54 = -5*k. Let q = k + -6. Calculate the highest common factor of 10 and q.
2
Let h(x) = -3*x**2 - x - 2. Let z be h(-3). Let q = z + 43. What is the highest common divisor of 68 and q?
17
Let r be ((-36)/(-30))/((-2)/(-35)). Calculate the greatest common factor of 63 and r.
21
Suppose -w = w. Suppose -5*o + 3*x + 576 = w, -5*o + 197 + 382 = -2*x. Calculate the highest common factor of o and 13.
13
Let u(n) = -3*n. Let d be u(-1). Suppose -d*v = -8*v + 25. Suppose -9*z = -0*z - 135. Calculate the highest common factor of z and v.
5
Suppose 46 = -2*q + 116. What is the highest common divisor of 5 and q?
5
Suppose 2*m + 2 = 6. Let q be (-3)/((m/6)/(-1)). Let w(s) = 5*s**2 + 10*s + 6. Let j be w(-5). What is the greatest common divisor of j and q?
9
Suppose -2*r + 4 = -52. What is the highest common divisor of 42 and r?
14
Let r(j) = -j**2 + 17*j - 5. Let t be r(15). Calculate the highest common divisor of 10 and t.
5
Let x = 5 + -11. Let w(z) = z**2 - 5*z + 4. Let h be w(x). Suppose -f + h = 4*b, 4*f + f + 64 = 3*b. Calculate the highest common factor of b and 6.
6
Let o(v) = -3*v**3 + 5*v**3 - 3*v**2 + 0*v - 1 + 0 + v. Let x be o(2). What is the greatest common divisor of 35 and x?
5
Let o(t) = 9*t**2 + 2*t + 1. Let i be o(3). Let q(z) = 12*z**3 - 1. Let m be q(1). What is the highest common factor of i and m?
11
Suppose -4*t - 22 = 2*p - 4*p, -t - 2*p = 13. Let m be 2/t - 172/(-14). Suppose -m = 4*h - 5*q - 0*q, 16 = 4*q. What is the highest common factor of 5 and h?
1
Let m(w) = -8*w - 22. Let p be m(-8). What is the greatest common factor of p and 105?
21
Let l be -84 + -2 + -1 - 0. Let n be (-15)/5 + (1 - l). What is the greatest common factor of n and 17?
17
Suppose -20 = 2*m - 6*m. Calculate the highest common factor of m and 30.
5
Let v(a) = 4*a + 7. Let m be v(5). Let f = 94 - m. Suppose 16 - f = -b. Calculate the greatest common factor of 17 and b.
17
Suppose 14 = 2*n - 16. Suppose 4*o - n - 5 = 0. Suppose 9 = 2*t - o. Calculate the greatest common factor of 7 and t.
7
Suppose 0*x + 72 = 4*x. What is the greatest common divisor of x and 45?
9
Let g(a) = -5*a**3 - 4*a**2 - a + 2. Let i be g(-2). Calculate the highest common factor of i and 14.
14
Suppose 0*u + 682 = 4*u - 5*f, 0 = -3*u - 4*f + 496. Let i(q) = q**3 + 18*q**2 + 16*q + 4. Let d be i(-17). What is the highest common factor of u and d?
21
Suppose k + 404 = 3*k. Let g = -52 + k. What is the highest common factor of 15 and g?
15
Let d be 2/(-4)*(40 + -4). Suppose -x + 3 - 2 = 0, 5*s = -4*x + 174. Let u = d + s. Calculate the highest common divisor of u and 8.
8
Let f = -10 + 33. Calculate the greatest common factor of f and 46.
23
Suppose -4*a + 212 - 52 = 0. Suppose -c - c = -10. What is the greatest common factor of c and a?
5
Let u be (-3 - -10)*(3 - 0). Suppose 3*q - 5*r - 48 = -3*r, 5*q - 73 = r. Calculate the greatest common divisor of q and u.
7
Suppose 0 = h - 1. Calculate the highest common factor of h and 5.
1
Let i(z) = -z**2 + 4*z + 3. Let o be i(4). Suppose 12 = -o*b, -4*b - b + 50 = 2*s. Calculate the highest common divisor of s and 5.
5
Suppose 0*o = -3*q - 5*o + 27, 2*q + 7 = 5*o. Suppose -c = q - 11. Let i be (2 - 1)*7 + 0. Calculate the highest common factor of c and i.
7
Let s(a) = -a**2 + 12*a + 6. Let u be s(10). Let v be 400/32 + -1 + 3/2. Calculate the highest common factor of u and v.
13
Let m be 2 - (387/36)/((-1)/8). Calculate the greatest common factor of 22 and m.
22
Let n(v) = -3*v**2 - 25*v - 8. Let y(t) = -t**2 - 12*t - 4. Let l(g) = 2*n(g) - 5*y(g). Let u be l(10). Calculate the highest common factor of u and 1.
1
Let l = 56 - 54. Calculate the greatest common divisor of 34 and l.
2
Suppose -2*j = 3*j. Let q = 2 + j. Suppose 4*k - 6 = -q. Calculate the highest common factor of k and 2.
1
Suppose 0 = -3*g + 6 + 6. Let w be 62/4 - g/8. Calculate the greatest common factor of 60 and w.
15
Suppose 436 = -2*h - 0*h. Let l be 12/16 - h/8. What is the greatest common factor of l and 14?
14
Let m(w) be the first derivative of -7*w**3/3 - w**2 + 5*w + 1. Let l be m(4). Let v = 225 + l. What is the greatest common divisor of 10 and v?
10
Let c(z) = z - 10. Let x be c(5). Let q(b) = -b**2 - 6*b + 3. Let u be q(x). Let h be 24/3*(4 + -1). Calculate the greatest common factor of u and h.
8
Let u(w) = -w**2 - w + 18. Let o be u(0). What is the greatest common factor of 54 and o?
18
Suppose 3*x + 4*n - 48 = n, 44 = 3*x + n. Calculate the highest common factor of 126 and x.
14
Suppose -2*g + 96 = -44. What is the highest common factor of g and 14?
14
Suppose 0 = 34*w - 32*w - 96. What is the greatest common divisor of w and 36?
12
Let q = -22 + 32. Let n be q/3 - (-2)/3. What is the highest common divisor of n and 6?
2
Suppose 2*f = 2*x - 1